the remainder when 21 is divided by w.
9
Let k(b) = -2*b**3 - 2*b**2 + 2*b - 1. Calculate the remainder when k(-3) is divided by 2.
1
Let k(d) = -d + 17. Let i be (2/(-7))/((-7)/98). Suppose -2*w - 28 = -i*o, -w + 3 = 2*o - 7. Calculate the remainder when k(8) is divided by o.
3
Suppose -16*b = 32 - 80. What is the remainder when 28 is divided by b?
1
Let t = 193 - 191. Calculate the remainder when 10 is divided by t.
0
Let c = 2 - 4. Calculate the remainder when ((-1)/c)/(4/176) is divided by 2 - -9 - (0 - 1).
10
Suppose 5*h - 2*m - 213 = 0, 0 = -2*h - 4*m + 8 + 58. Let d = -21 + 32. What is the remainder when h is divided by d?
8
Let j = 65 - 29. Let g = 25 - 23. Suppose 4 + j = g*t. What is the remainder when t is divided by 11?
9
Let b = -167 - -179. Calculate the remainder when 117 is divided by b.
9
Suppose 3*p + 9 = 0, 0 = -4*f + p + 103 + 12. Suppose -3*a = -s + 2*s - 47, 2*s = -2*a + 34. What is the remainder when f is divided by a?
13
Let y = 560 + -546. What is the remainder when y is divided by 8?
6
Let k = 686 + -680. Calculate the remainder when 101 is divided by k.
5
Let z(l) = l**2 - l - 4. Let o be z(6). Suppose 3*a - o = 1. Calculate the remainder when a is divided by (-3)/6 + (-18)/(-4).
1
Suppose 8 = 4*o - 8, 37 = 5*f - 2*o. Let z(k) = 11*k + 3. What is the remainder when z(f) is divided by 35?
32
Let c(o) = o**2 - 8*o - 2. Calculate the remainder when 177 is divided by c(-4).
39
Let y(q) = q**3 + 36*q**2 + 25. Let v be y(-36). Suppose -44 = 2*h - 8. Let l = h + v. Calculate the remainder when l is divided by 2.
1
Suppose 2*n - 80 = -3*n - 5*r, -3*r - 15 = 0. What is the remainder when 397 is divided by n?
19
Let b(u) = -u + 4. Suppose -4*r + 199 = k - 6*k, 2*r = -3*k - 115. What is the remainder when 572/k*(-3)/2 is divided by b(-4)?
6
Suppose n = 4*y + 53, -n + 47 = 7*y - 5*y. Calculate the remainder when n is divided by (-1)/4 + 82/8.
9
Let o = -9 + 25. Let v = 294 - 263. Calculate the remainder when v is divided by o.
15
Suppose -5*p + 2*k + 2*k + 194 = 0, -3*k + 54 = p. What is the remainder when p is divided by 16?
10
Calculate the remainder when 151 is divided by 3*(-155)/(-15)*(-1)/(-1).
27
Suppose 0 = 4*d + 3*m - 699, 9 = -2*m - m. Calculate the remainder when d is divided by 23.
16
Let z(s) = 5*s + 10. Let b = 92 - 89. What is the remainder when 124 is divided by z(b)?
24
Suppose 6*a = -2*a + 504. Calculate the remainder when a is divided by 11.
8
Let n = 89 - 34. Let a = 0 + 3. Suppose -5*w - 49 - 30 = -a*p, -4*p = -w - 111. What is the remainder when n is divided by p?
27
Let u(h) = -h**3 - 7*h**2 + 9*h - 1. Let x be u(-7). Suppose -15*c - 6*c - 798 = 0. Let j = c - x. Calculate the remainder when j is divided by 9.
8
Let g(s) = 9*s**2 + 8*s - 5. Let b be (-16)/6*(-9)/(-6). What is the remainder when g(b) is divided by (15/(-25))/((-3)/135)?
26
Suppose 3*t + 16 = 2*s, 5*s - 5*t = -0*s + 45. Suppose 4*b = 2*z + 22, -4*b = -5*z + 4*z - 17. Calculate the remainder when s is divided by b.
2
Calculate the remainder when 20/40 + -1 + (-335)/(-2) is divided by 40.
7
Let j = 153 + -128. Calculate the remainder when 46 is divided by j.
21
Suppose 4*x + 4*r + 4 = 0, 2*r - r + 1 = -3*x. Suppose x + 52 = 2*b. Calculate the remainder when b is divided by 7.
5
Let c = 9 + 3. Calculate the remainder when c is divided by -2 + (-693)/(-72) + 3/8.
4
Let d = -598 - -615. What is the remainder when 117 is divided by d?
15
Let y = -39 + 62. What is the remainder when y is divided by 16?
7
Let x be 13/(164/40 + -4). Suppose 6*i = 4*i + x. Suppose 5*s - s - 68 = 0. What is the remainder when i is divided by s?
14
Suppose 0 = 26*g - 272 - 378. What is the remainder when 214 is divided by g?
14
Let g(q) be the first derivative of q**4/4 - 7*q**3/3 - 3*q**2/2 - 10*q - 1. What is the remainder when g(8) is divided by (-30)/(-20)*(-4)/3*-8?
14
Let c = -17 - 2. Let d = 31 + c. Suppose -2*w = -5*n + 60, 4*w + d + 0 = n. Calculate the remainder when n is divided by 5.
2
Let p = -42 - -33. What is the remainder when 38 - p/(0 - -3) is divided by 11?
8
Suppose 0 = 12*p - 14*p. Suppose 2*q - 34 = -d, p = q - 4*q - 5*d + 51. Suppose 2*w - q = 3. Calculate the remainder when 39 is divided by w.
9
Let p = -121 - -144. Calculate the remainder when 273 is divided by p.
20
Let u(t) = -4*t - 1. Let a = 0 + -2. What is the remainder when (-10 - (-5 - 1))/((-36)/17 + 2) is divided by u(a)?
6
Let r = 23 + -12. Let y be 72/4*2/4. Let c = y - 2. What is the remainder when r is divided by c?
4
What is the remainder when 97 is divided by (-5622)/(-102) + 4*1/(-34)?
42
Suppose 0 = 2*c + 45 - 89. Let a(t) = -7*t + 2. Let o be a(-5). Let l = o - c. Calculate the remainder when 42 is divided by l.
12
Let w(l) = -6*l - 1. Let u be w(-5). Let b = 54 - u. What is the remainder when 74 is divided by b?
24
Let n(t) = 2*t**2 - 6*t + 7. Let v be n(5). Let b = -15 + v. What is the remainder when b/30 - 283/(-5) is divided by 15?
12
Suppose -3*b = -20 + 5. Let g(a) = -a**2 + 9*a + 4. Suppose y = -3*y + 36. Calculate the remainder when g(b) is divided by y.
6
Let u = -2829 - -2916. Calculate the remainder when 346 is divided by u.
85
Suppose -24*s = -17 - 127. What is the remainder when 64 is divided by s?
4
Suppose 2*o = -0*o - 5*a + 43, 2*o - a - 13 = 0. Suppose -5*l + 95 = -3*g, g + 2*l = -0*l - 17. Let q = g - -77. What is the remainder when q is divided by o?
7
Let j(d) = d**2 + d - 5. Suppose z = 3*b + 3*z - 21, 0 = -2*b + 3*z + 1. Calculate the remainder when 42 is divided by j(b).
17
Let z be -5*2/(-4)*(4 + -2). Let t = 2 + 3. Calculate the remainder when (z + -3)*(-2 - (-27)/2) is divided by t.
3
Suppose 8*r - 184 = 4*r. Let u = 1500 - 1492. Calculate the remainder when r is divided by u.
6
What is the remainder when 1562/38 - (-4)/(-38) is divided by 4?
1
Suppose -94*y = -98*y + 148. Calculate the remainder when 50 is divided by y.
13
Let i be (-10)/(1/2*-4). Suppose -3*m + y = -y - 46, i*y - 20 = 0. What is the remainder when m is divided by 33/2*4/6?
7
Suppose 0 = -7*u + 246 - 22. Calculate the remainder when 158 is divided by u.
30
Let z(l) = 24*l**2 - 3*l. Calculate the remainder when 51 is divided by z(1).
9
Suppose 4*q - d + 4 = -43, -5*d = 2*q + 29. Let f = q - 0. Let w(c) = -c - 4. What is the remainder when 53 is divided by w(f)?
5
Let i = -136 + 245. Calculate the remainder when (6 + -3)/6 + i/2 is divided by 14.
13
Suppose -8*m = -3*m + 4*o - 12, -22 = -3*m + 5*o. Let h = -37 + 73. Calculate the remainder when h is divided by 12/m*39/9.
10
Let a(c) = -11*c - 26. Let j be a(-7). Suppose -h + 0*z + 9 = -z, -2*z = -5*h + j. What is the remainder when 197 is divided by h?
10
Suppose -3*o + 4*d = -2*o, 0 = -3*o + 3*d + 18. What is the remainder when 175 is divided by o?
7
Suppose -2*v + 2*t = -64, -2*v - 72*t + 70*t = -60. Calculate the remainder when 2416 is divided by v.
29
Calculate the remainder when (-3)/(-5)*((-26463)/(-9) - -3) is divided by 15.
11
Suppose -5*o + 168 = o. Suppose 2*v + o = 3*m, 4*v + v + 7 = -3*m. Calculate the remainder when 11 is divided by m.
5
Suppose -3*a = 6*a - 27. Calculate the remainder when (-16)/(-3) + (-1)/3 is divided by a.
2
Suppose -4*k - j + 325 = 0, 5*k = j + 273 + 122. Calculate the remainder when k is divided by 33.
14
Suppose 15*u - 238 = -2*u. Suppose -2 - 2 = -q. What is the remainder when u is divided by q?
2
Let y(j) = 10*j**2. Suppose 4*u - 4*a + 13 = -7, -3*a + 7 = 5*u. Calculate the remainder when 49 is divided by y(u).
9
Let q = 393 + -197. Suppose -20 = -9*w + q. What is the remainder when 45 is divided by w?
21
Let s(v) = v**3 - 5*v**2 + 10*v + 2. Let o(w) = 10*w**3 - 4*w**2 - 3*w - 3. Let h be o(-3). What is the remainder when s(4) is divided by (-6)/21 - h/21?
12
Let k(g) = 7*g - 13. Let f(n) = -6*n + 12. Let u(d) = -6*f(d) - 5*k(d). Calculate the remainder when u(10) is divided by 2.
1
Suppose 97 = 4*z + x + 4, -x = -2*z + 39. Calculate the remainder when 240 is divided by z.
20
Let g(j) = -4*j - 2. Let t be g(3). Let k = t - -6. Let m = 4 - k. What is the remainder when 44 is divided by m?
8
Let d be (-31)/(2/3 - (-5)/15). Let h = d + 37. Calculate the remainder when 16 is divided by h.
4
Suppose 2*t + 5*k = 6, 32 + 32 = 4*t - 3*k. Calculate the remainder when t is divided by 13.
0
Suppose g - 1